7 + -172. Is (-102441)/(-5) - (414/d + -10) a prime number?
False
Let k(i) = 57*i. Let s be k(7). Let x = s - -526. Suppose -8*z + 3*z + x = r, 0 = -5*r. Is z composite?
True
Let p(z) = z. Let a(n) = 18*n**2 + 10*n - 1. Let k(y) = a(y) + 2*p(y). Is k(6) prime?
True
Let w(p) = -16*p**2 + 28*p - 11. Let i(r) = -15*r**2 + 28*r - 13. Let d(z) = 3*i(z) - 4*w(z). Is d(-26) composite?
False
Suppose 6*o = -5 + 17. Suppose 7*r - 4 = -3*c + 2*r, 4*r + 10 = o*c. Is (9 - 492)*(-1)/c a composite number?
True
Suppose 0 = -18*z + 31 - 841. Is (-2)/9 - 9775/z a prime number?
False
Suppose 3*m + 6 = u, 8*m - 11*m - 15 = -4*u. Suppose 11271 = u*g - 3*x, -3 - 1 = -x. Is g prime?
True
Let m(s) = 20*s**2 - 28*s + 13. Let h be -3*4/(-3) + 84/21. Let y be h*(3 + 42/(-8)). Is m(y) composite?
False
Let j be ((-4 + 6)/2)/(3/(-12)). Is -2 - j/(4/3029) prime?
False
Suppose 23*b = 966859 + 2069026. Is b a prime number?
False
Let x be (-5 - -2)*9/(-5 - -8). Let c be 67*-1 + (-4 - x). Let m = c - -113. Is m a composite number?
True
Let q(a) = 5*a - 206. Let o be q(42). Let x(b) = 2 - 5 + 2*b - b**2 + 8*b**3 + 3*b**2 + 8*b**3. Is x(o) prime?
True
Suppose -11*b - 2*b = -5*u + 226100, -b - 45228 = -u. Is u prime?
True
Suppose -382015 = -x - 15*z + 19*z, x - z - 382024 = 0. Is x a composite number?
True
Suppose -24812 = -3*g + 4*s, 7*g = 8*g - 3*s - 8264. Let h = g + -2691. Is h prime?
False
Let x = 380332 - 131205. Is x composite?
False
Let c = 631079 - 359826. Is c a prime number?
True
Suppose 0 = 3*b - 15, 5*h + 7*b - 4*b - 32655 = 0. Suppose 3*z + 0*j + 13807 = -2*j, -4*z - 18400 = -2*j. Let n = z + h. Is n a composite number?
True
Let a(y) = 401*y**3 - 24*y**2 + 38*y + 51. Is a(8) composite?
True
Suppose -16*g + 35*g + 117*g = 24720040. Is g composite?
True
Let u = -34 + 31. Let w be u*1/3*-16. Suppose w*a - 3812 = 12*a. Is a composite?
False
Let f = -645313 - -298082. Is 108/198 - f/11 prime?
True
Is 936957/(-18)*123/(-82) + 3/(-4) a composite number?
False
Let q(m) = m**2 + 4*m - 6. Let j = -109 + 102. Let w be q(j). Let k = w + 0. Is k a composite number?
True
Let n = 2365 + -4503. Let a = 672 - -2421. Let w = a + n. Is w a prime number?
False
Suppose 5*r = 4*h - 15591, 4*r + 5559 = 5*h - 13941. Suppose 0 = l + 3*i - h, 14*l + 5*i = 15*l - 3912. Is l a composite number?
False
Is (-1)/3*((-21)/84)/(1/1129188) a composite number?
False
Suppose 13*n = -131211 + 15511. Let p = n - -16393. Is p a composite number?
True
Let j(r) = -r**3 + 9*r**2 - 8*r + 3. Let t be j(8). Suppose -10 = -d - 3*i, -4*i + 10 = 6*d - t*d. Is (d*5/15)/((-2)/177) a prime number?
True
Let k = -227 + 229. Suppose 7 + k = -3*r, -45461 = -4*x - 5*r. Is x composite?
False
Let y(q) = q**3 - 9*q**2 - 8*q + 3. Let g(j) = -3*j**2 - 25*j - 11. Let a be g(-7). Is y(a) prime?
True
Let u(i) = 6*i**2 - 3*i + 1. Let h be u(1). Suppose h*g + 43 = 2*r - g, -2*r = 3*g - 19. Suppose -11*k = -r*k + 138. Is k a composite number?
True
Let f(u) = -11*u**3 + u**2 + 2*u + 1. Let a be f(-1). Suppose a*m = -2*m - 156. Is 10660/6 + (-4)/m composite?
False
Let u(s) = 33 - 17 - 1040*s - 25 - 1344*s. Is u(-4) a composite number?
True
Let f be (4/(-5)*-1)/(72/540). Suppose 35 - 11 = f*c. Suppose -k - 5772 = -c*x + x, k + 3 = 0. Is x a prime number?
False
Let c = -48 + 52. Suppose -2*u + 8 = -c*u - 5*m, u = 4*m + 9. Is -3*u - (-63 - -5) prime?
False
Let n be (-8)/(-8) + 1 + 0. Suppose c + 2 = 7. Suppose c*m + 3*q - n*q - 1778 = 0, 2*q = -m + 361. Is m a composite number?
True
Let j = -3495 - 5350. Let a = -3876 - j. Is a prime?
True
Suppose 30*v - 47*v - 136 = 0. Is -5 + 2 + 0/v + 8152 a prime number?
False
Let o be 6/(-16) - -167*7007/88. Suppose 5*q - o = 3*j + 4927, -q + 3631 = 4*j. Is q composite?
False
Suppose -59*l = 17*l + 69*l - 25805215. Is l prime?
True
Suppose 3*n + 5*g = 2002069 + 132336, -2*g - 8 = 0. Suppose 58*t - n + 39197 = 0. Is t a prime number?
False
Let r = 10787 - 7519. Suppose 4*a - 8*a + r = 3*l, -3*l = 0. Is a composite?
True
Suppose 4*s + x + 0*x - 822 = 0, -5*s + 3*x = -1036. Suppose 202 = m + s. Is ((-1)/m)/1 - (-106940)/80 composite?
True
Let k(a) = 7 + 18*a**2 + 17*a - 15*a**2 - 10*a + 75*a**2 - 6*a. Let y(t) = -t**2 + t + 4. Let x be y(0). Is k(x) composite?
False
Suppose -43*l + 37000 = -42*l - 3*h, -4*l = h - 148013. Is l prime?
True
Let d(y) be the third derivative of -23*y**4/24 - 77*y**3/3 - 93*y**2. Is d(-21) composite?
True
Let s(w) = 67*w**2 - 32*w - 401. Is s(-13) prime?
False
Let r be (-3)/(-5) + (-5)/((-75)/36). Suppose -3*j - 4*o = -10, r*j + 28 = 4*o + 6. Is (-1)/j*(-6 - 2172/(-6)) composite?
True
Suppose 3*n + 4*q = 610, 5*n = 3*q + 1064 - 86. Suppose m + n = 5*z, 9*z = 5*m + 11*z + 1071. Is ((4/(-2))/1)/(3/m) prime?
False
Suppose 6405 = -24*k + 43437. Is k composite?
False
Let l = 219036 - 117395. Is l a composite number?
False
Let t = 556 + -2344. Let j = 6509 + t. Is j composite?
False
Let y = -213916 - -688827. Is y composite?
False
Suppose 703431 + 584956 - 359057 = 10*x. Is x a prime number?
False
Suppose s + 111 = 5*s - 3*f, -4*f = 2*s - 28. Is 1 + (s/(-30))/((-2)/4210) prime?
False
Let k(m) = 33*m**3 + 49*m**2 + 18*m - 111. Is k(26) a composite number?
True
Let a(n) = 95205*n**2 - 2*n - 1. Let k be a(1). Suppose 0 = -21*c + 69627 + k. Is c a composite number?
True
Let h be (16/(-56))/(1 - (-12)/(-14)). Is 4984 + (h - 1)/(7 - 6) a composite number?
True
Suppose -2*g + 934612 - 6558 = -2*b, -3*b = -2*g + 928052. Is g a prime number?
False
Suppose 0 = 6*u - 70068 - 38605 - 267029. Is u a composite number?
False
Let v = 433 - 441. Is 45544/10 - v/80*6 composite?
True
Let h be -8*782 + -1 + 2. Let w = -9260 - -19716. Let i = w + h. Is i a prime number?
True
Suppose 3*a + 2*h - 6*h + 20 = 0, 3*a + 2*h = -44. Let k(q) = -q**3 - 7*q**2 + 6*q - 5. Let b be k(a). Suppose -b + 181 = -6*p. Is p composite?
True
Suppose z + 4*f - 39 = -16, -2*z - f = -18. Suppose -4*y + 6 = 3*t, -2*y - 2*t - z + 11 = 0. Suppose -5*m + 2556 - 101 = y. Is m a prime number?
True
Let f(s) = -4*s**3 - 11*s**2 + 8*s - 4. Let c(t) = t - 4. Let p be c(-2). Let b be (4/p)/(24/324). Is f(b) a prime number?
True
Let o be (-63)/(-6)*(-60)/9. Let s = o - -63. Is 3/(-1) - 6860/s a prime number?
True
Let j(r) = -234797*r + 5522. Is j(-27) a prime number?
True
Is (5/10*8)/((-84)/(-1399713)) composite?
False
Suppose 0 = 3*o - 103*p + 105*p - 150373, 100230 = 2*o - p. Is o a composite number?
False
Suppose -73*l + 71*l - 774 = 0. Let r = l - -2190. Is r composite?
True
Suppose 2*h = -4*c + 28, -3 = 5*h - 5*c + 2. Let w = 41 - h. Suppose -38*v = -w*v - 1061. Is v a prime number?
True
Is (-1*(10652 - 24))/(-4) a prime number?
True
Is 16957 - -6*4/60*15 composite?
False
Let d = -416 + 456. Suppose 32*i = d*i - 142456. Is i a prime number?
True
Suppose 2619709 = 6*b + 2*b - 1230139. Is b a composite number?
False
Suppose 107*u + 10279513 = 126*u. Is u a composite number?
False
Let q = 385 - 330. Is (668376/33 - -7) + 10/q a prime number?
True
Suppose -i - 9*i = -160. Let s = 22 - i. Suppose s*o - 919 = 3*o + 2*b, b = 3*o - 920. Is o prime?
True
Let k(t) = 319*t**2 - 4*t - 5. Let o be k(5). Let u = o + -1974. Suppose 0 = 9*z + 1593 - u. Is z a composite number?
False
Let c(a) = 103*a**3 - 5*a**2 - 3*a - 5. Suppose 0 = 5*k + 9*k - 42. Is c(k) composite?
True
Is (10/6)/(475/(-1710)) - -35623 prime?
True
Suppose -887434 = -8*i + 281502. Is i composite?
False
Let c be ((-5 - -2) + -632)/(-1). Let q(i) = -23*i + 140. Let k be q(5). Is (c/k)/(1/5) a composite number?
False
Suppose 0 = 4*p + 1287803 - 255915. Is p/(-77) + (-4)/14 + -3 composite?
False
Let k be 9/(-21) + 202992/14. Let j be k/7 - 8/28 - -1. Suppose 0 = 13*v - 5*v - j. Is v composite?
True
Suppose 3*h - 63480 = -2*c, 0 = c - 0*h - h - 31750. Suppose 34*a - 489080 = -c. Is a composite?
False
Suppose 67*a = -3*y + 65*a + 1694888, -5 = -5*a. Is y prime?
False
Suppose -4*d + 1467720 = 4*u, -6*d + 2201657 = 10*u - 15*u. Is d a composite number?
True
Suppose w = -3, 2*y + 3*w - 7*w - 18 = 0. Let x(r) = 63*r + 1709. Let g be x(0). Suppose -2*s - g = -y*s. Is s a composite number?
False
Is ((-5716603)/(-412))/(1/8) a prime number?
False
Let w(o) = -198*o + 71. Let n be w(-8). Is ((-30)/(-3))/(-2*(-5)/n) composite?
True
Let d(j) = -645*j - 1. Let z be d(1). Let x = -267 - z. Is 